2. Calculate c(3).
-107
Let m(j) = -114*j**2 - 1141*j - 12. What is m(-10)?
-2
Let z(s) = 615*s - 3073. Determine z(5).
2
Let m(a) = -7140*a + 64256. What is m(9)?
-4
Let g(u) = -u**2 + 18*u + 840. Determine g(37).
137
Let r(t) = -t**3 - 5*t**2 + 7*t + 17. Calculate r(-6).
11
Let x(t) = -100*t - 525. Calculate x(-6).
75
Let c(p) = -2*p**2 + 6. Calculate c(-3).
-12
Let a(v) = 2*v**2 + 59*v - 7. Calculate a(-30).
23
Let w(k) = -978*k - 7827. Determine w(-8).
-3
Let n(c) = 258*c + 5642. Determine n(-22).
-34
Let t(v) = v**2 - 123*v - 10. Calculate t(0).
-10
Let f(i) = -2*i**3 - 5*i**2 + 37*i + 28. Calculate f(-6).
58
Let h(x) = -48*x - 1496. What is h(-31)?
-8
Let o(m) = 1387*m - 36066. Calculate o(26).
-4
Let a(k) = -k**3 - 22*k**2 - 45*k + 417. Determine a(-7).
-3
Let c(z) = -z**3 + 15*z**2 - 45*z - 35. Give c(10).
15
Let p(n) = -122*n + 979. Determine p(8).
3
Let m(p) = -p**3 - 84*p**2 - 87*p - 247. What is m(-83)?
85
Let r(k) = -206*k - 846. Calculate r(-3).
-228
Let u(l) = 3*l**3 + 9*l**2 + 133*l + 534. Determine u(-4).
-46
Let a(g) = g**2 + 23*g + 107. Give a(-8).
-13
Let s(z) = 169*z - 750. Calculate s(5).
95
Let l(x) = -557*x - 2791. Give l(-5).
-6
Let y(z) = -2*z - 15. What is y(-17)?
19
Let q(m) = -2*m**2 + 25*m - 68. Give q(8).
4
Let t(v) = -54*v + 440. What is t(8)?
8
Let b(p) = 7*p**3 - 16*p**2 + 38*p - 1. Give b(2).
67
Let n(u) = 2*u**3 - 309*u**2 - 160*u + 748. Determine n(155).
-27
Let r(y) = -49*y + 2360. Determine r(46).
106
Let w(k) = -4*k**2 - 271*k - 2651. What is w(-56)?
-19
Let b(h) = -4*h**2 - 222*h - 626. Give b(-53).
-96
Let h(b) = -b**3 - 11*b**2 - 45*b - 299. Calculate h(-9).
-56
Let y(d) = -1184*d - 7132. Determine y(-6).
-28
Let u(y) = -192*y + 1114. Determine u(6).
-38
Let m(i) = -20*i - 329. Determine m(-9).
-149
Let k(d) = 46*d**2 + 105*d + 102. Calculate k(-1).
43
Let l(i) = 13*i - 73. Calculate l(19).
174
Let k(i) = 6*i**2 + 177*i + 670. Calculate k(-25).
-5
Let x(a) = 33*a - 409. Give x(20).
251
Let p(k) = -k**2 + 2671*k - 76621. Calculate p(29).
-3
Let w(s) = 57*s + 1500. Determine w(-12).
816
Let s(l) = 2*l**2 - 174*l - 8540. Determine s(-35).
0
Let w(n) = -4*n**3 + 28*n**2 + 18*n + 9. What is w(8)?
-103
Let q(h) = 11*h**2 + 213*h - 135. What is q(-20)?
5
Let t(l) = -l**3 + 11*l**2 + 9*l + 204. Give t(13).
-17
Let w(n) = 3*n**3 - 84*n**2 + 7*n - 209. What is w(28)?
-13
Let s(h) = 13*h + 175. Give s(-24).
-137
Let o(y) = -y**2 + 55*y - 753. Determine o(27).
3
Let f(t) = -24*t - 195. Determine f(-2).
-147
Let y(u) = -2*u**3 - 42*u**2 - 203*u - 7. Determine y(-11).
-194
Let v(n) = 516*n + 4067. What is v(-8)?
-61
Let h(w) = -97*w - 2989. Determine h(-31).
18
Let m(s) = -s**3 + 14*s**2 + 81*s - 786. Calculate m(16).
-2
Let o(i) = i**2 + 44*i + 345. Determine o(-10).
5
Let f(z) = 2*z**2 - 23*z - 430. Calculate f(-10).
0
Let f(k) = k**3 + 9. Calculate f(2).
17
Let r(p) = 5*p**3 - 36*p**2 - 31*p - 30. Determine r(8).
-22
Let a(f) = 136*f - 547. What is a(4)?
-3
Let l(u) = -30*u + 683. Give l(23).
-7
Let k(t) = 26*t + 6. Give k(0).
6
Let h(o) = -o**2 + 61*o - 337. Calculate h(53).
87
Let u(z) = 11*z + 688. Determine u(-67).
-49
Let v(o) = o**3 + 2*o**2 + 9*o + 42. Give v(-4).
-26
Let g(o) = -44*o - 1832. Give g(-42).
16
Let s(z) = -3*z**2 - 6*z - 306. Calculate s(0).
-306
Let n(x) = -44*x + 348. What is n(3)?
216
Let i(p) = 3078*p - 27643. What is i(9)?
59
Let y(n) = -12*n**2 - 120*n + 869. Calculate y(5).
-31
Let z(u) = -u**3 + 68*u**2 + 60*u + 414. Calculate z(69).
-207
Let t(f) = -10*f**3 + f**2 - 397*f + 396. Calculate t(1).
-10
Let s(c) = 2*c**3 - 75*c**2 - 570*c - 96. Determine s(44).
-8
Let y(b) = -211*b**2 - 3*b. What is y(1)?
-214
Let d(o) = 235*o - 264. Give d(-2).
-734
Let q(x) = 223*x + 26996. What is q(-121)?
13
Let s(i) = 2*i**3 + 55*i**2 - 249*i + 12. Give s(4).
24
Let k(d) = -10*d**2 - 201*d - 13. Determine k(-20).
7
Let q(b) = 1293*b + 7740. Give q(-6).
-18
Let p(t) = -3*t**2 + 168*t - 2348. Calculate p(25).
-23
Let b(y) = -y**3 - 19*y**2 - 94*y + 26. Determine b(-10).
66
Let z(w) = 200*w - 9780. What is z(49)?
20
Let s(o) = o**2 + 212*o + 632. What is s(-3)?
5
Let m(o) = 4*o**3 + 156*o**2 + 891*o - 36. Calculate m(-7).
-1
Let k(d) = -16*d - 5. What is k(0)?
-5
Let w(o) = -o**3 + 30*o**2 + 31*o + 76. Give w(31).
76
Let k(h) = 11*h**2 + h - 10. Determine k(5).
270
Let d(o) = -40*o - 1868. Give d(-52).
212
Let t(i) = i**3 - 95*i**2 - 201*i + 655. Give t(97).
-24
Let z(t) = t**3 - 12*t**2 - 27*t - 6. Calculate z(14).
8
Let y(s) = s**3 - 26*s**2 + 45*s + 92. Calculate y(24).
20
Let f(a) = 12*a**3 + 901*a**2 + 74*a - 76. Determine f(-75).
-1
Let i(q) = 73*q + 135. Give i(-1).
62
Let g(i) = -i**3 + 7*i**2 - 2*i + 13. What is g(6)?
37
Let y(v) = 2*v**2 - 38*v + 168. What is y(10)?
-12
Let h(y) = y**3 + 32*y**2 - 143*y + 67. Calculate h(-36).
31
Let v(s) = -73*s**2 + 1326*s - 213. What is v(18)?
3
Let t(z) = 49*z + 188. Determine t(-4).
-8
Let c(h) = h**3 - 166*h**2 - 47*h + 7835. What is c(166)?
33
Let m(h) = -11*h + 19. What is m(26)?
-267
Let b(i) = i**3 - 28*i**2 - 18*i + 476. What is b(28)?
-28
Let v(s) = -9*s**2 - 280*s - 14. Calculate v(-30).
286
Let n(w) = 3*w**3 + 4*w**2 - w - 19. Calculate n(-3).
-61
Let k(h) = 24*h + 157. Determine k(-6).
13
Let o(y) = -71*y - 1666. Determine o(-25).
109
Let d(n) = -n**3 - 6*n**2 + 56*n + 18. Determine d(-11).
7
Let l(g) = 132*g - 968. Give l(10).
352
Let p(k) = 180*k + 826. Give p(-3).
286
Let o(q) = -376*q + 4155. Determine o(11).
19
Let q(m) = -7*m + 63. Calculate q(-14).
161
Let z(t) = -64*t + 66. Determine z(3).
-126
Let b(v) = 6*v**2 + 128*v - 987. Determine b(-28).
133
Let i(y) = 3392*y - 61084. Determine i(18).
-28
Let p(b) = b**3 - 18*b**2 - 38*b + 22. Calculate p(20).
62
Let o(a) = -5*a**2 - 306*a - 113. Determine o(-61).
-52
Let b(a) = 123*a + 618. What is b(-5)?
3
Let o(j) = -3*j**2 + 112*j - 22. Calculate o(5).
463
Let t(l) = -128*l - 707. Determine t(-6).
61
Let u(j) = -8*j - 331. Calculate u(-41).
-3
Let a(q) = 81*q + 968. Calculate a(-12).
-4
Let r(i) = i**2 + 10*i + 2. Determine r(-13).
41
Let b(t) = 82*t - 200. Determine b(6).
292
Let c(v) = 19*v**2 + 303*v - 1. Determine c(-16).
15
Let j(r) = -r**3 + 15*r**2 + 61*r - 443. Determine j(17).
16
Let u(p) = -4*p - 83. Give u(-18).
-11
Let a(d) = d**3 - 13*d**2 - 67*d + 1066. Determine a(12).
118
Let s(z) = z**3 + 42*z**2 + 439*z + 58. Calculate s(-19).
20
Let n(c) = -c**3 + 3*c**2 + 2296*c - 6900. Calculate n(3).
-12
Let m(v) = v**3 + v**2 - v - 115. Calculate m(0).
-115
Let k(t) = -16119*t + 32247. Give k(2).
9
Let l(t) = -38*t - 159. Give l(11).
-577
Let z(p) = -14*p**3 + 69*p**2 + 15*p - 42. Calculate z(5).
8
Let a(n) = -n**3 - 4*n**2 - 13*n + 2. Determine a(-4).
54
Let k(g) = 3*g**2 + 223*g + 3901. Calculate k(-29).
-43
Let c(w) = -w**3 + 33*w**2 - 202*w + 19. Give c(8).
3
Let m(y) = 1189*y**2 - 2423*y - 1. Calculate m(2).
-91
Let j(n) = -6*n - 244. Give j(-25).
-94
Let q(o) = -o**2 - 946*o - 2835. Calculate q(-3).
-6
Let g(x) = -21*x - 292. Calculate g(-13).
-19
Let w(f) = f**3 - 117*f**2 + 2916*f - 2. Determine w(81).
-2
Let r(v) = -2504*v + 7268. What is r(3)?
-244
Let x(f) = 3*f**3 - 3*f**2 - 73. What is x(0)?
-73
Let h(f) = f**3 - f**2 + 184*f - 370. Calculate h(2).
2
Let w(o) = o**3 - 52*o**2 + 12*o - 363. Calculate w(52).
261
Let l(g) = -2*g**2 - 17*g + 152. Calculate l(-13).
35
Let n(b) = 2*b**3 - 53*b**2 - 42*b + 405. Calculate n(27).
0
Let h(s) = s**3 + 9*s**2 - 10*s - 41. Determine h(-9).
49
Let q(k) = 2*k**2 - 38*k - 1. Calculate q(19).
-1
Let k(i) = -i**3 - 13*i**2 + 54*i - 33. Calculate k(3).
-15
Let d(g) = -204*g - 4474. Determine d(-22).
14
Let r(g) = 2*g**3 + 13*g**2 - 12*g - 100. Calculate r(-9).
-397
Let w(l) = -57*l - 2809. What is w(-57)?
440
Let m(q) = -2*q**2 + 41*q + 32. Give m(23).
-83
Let w(f) = f**3 - 14*f**2 - 22*f - 17. Calculate w(13).
-472
Let g(r) = r**3 + 7*r**2 + 6*r - 12. Determine g(-8).
-124
Let s(l) = l**3 + 18*l**2 - 148*l - 2797. Give s(-17).
8
Let x(d) = 7*d**2 - 302*d + 86. Determine x(43).
43
Let u(s) = -s**3 + 36*s**2 - 239*s - 119. Calculate u(27).
-11
Let v(x) = x**2 + 20*x + 145. Give v(-8).
49
Let k(p) = 19*p + 560. Calculate k(-28).
28
Let q(t) = 138*t - 810. Determine q(5).
-120
Let p(u) = u**2 - 154*u - 151. Determine p(-1).
4
Let r(w) = 4*w